test common factor of 178764 and 174?
6
Calculate the highest common factor of 129731 and 7826.
301
Calculate the greatest common divisor of 391552 and 414.
46
What is the greatest common factor of 2404 and 1016?
4
Calculate the greatest common factor of 20976 and 50844.
228
Calculate the greatest common factor of 67376 and 544.
16
What is the greatest common factor of 8241 and 65727?
201
Calculate the greatest common divisor of 985925 and 698.
349
What is the greatest common factor of 17343 and 1773?
9
What is the greatest common factor of 300732 and 304?
76
What is the greatest common divisor of 2578345 and 814?
407
What is the greatest common factor of 4810 and 2590?
370
Calculate the highest common factor of 105 and 52416.
21
What is the greatest common factor of 289600 and 5430?
1810
Calculate the highest common factor of 636 and 117183.
159
What is the highest common factor of 986 and 108?
2
What is the highest common factor of 38 and 158859?
19
What is the highest common divisor of 94429 and 89?
89
Calculate the greatest common divisor of 1080 and 61992.
216
What is the greatest common divisor of 10314 and 71243?
191
Calculate the highest common factor of 1872 and 37044.
36
Calculate the greatest common factor of 2880 and 114336.
288
Calculate the greatest common factor of 2473585 and 1360.
85
Calculate the greatest common divisor of 165620 and 62530.
1690
What is the greatest common divisor of 9191 and 2912?
91
What is the highest common factor of 1487891 and 17?
17
What is the greatest common divisor of 428 and 1056?
4
What is the highest common factor of 193743 and 515?
103
What is the greatest common factor of 61 and 203069?
61
Calculate the highest common divisor of 74754 and 12.
6
What is the greatest common factor of 2 and 2037526?
2
Calculate the highest common divisor of 1558058 and 653.
653
What is the highest common factor of 96975 and 99?
9
Calculate the highest common divisor of 846376 and 188.
188
What is the highest common factor of 206825 and 25?
25
What is the highest common divisor of 8321 and 4187?
53
Calculate the greatest common factor of 2591366 and 872.
218
Calculate the greatest common divisor of 453 and 60249.
453
Calculate the greatest common factor of 1300 and 13325.
325
What is the greatest common factor of 320766 and 6?
6
What is the highest common factor of 741 and 40209?
39
Calculate the greatest common divisor of 387949 and 417.
139
What is the highest common factor of 418 and 523?
1
What is the greatest common divisor of 29284 and 76?
4
Calculate the highest common divisor of 5 and 2223435.
5
Calculate the highest common divisor of 245940 and 60.
60
What is the highest common divisor of 32 and 2662288?
16
Calculate the greatest common factor of 160 and 2434440.
40
Calculate the highest common factor of 25 and 1953825.
25
Calculate the greatest common factor of 1624558 and 52.
26
What is the greatest common divisor of 21857 and 11?
11
What is the highest common divisor of 9856 and 763?
7
Calculate the greatest common divisor of 70 and 4354.
14
What is the highest common factor of 31 and 343?
1
Calculate the highest common divisor of 4477 and 592.
37
What is the highest common divisor of 27351 and 972?
27
Calculate the highest common factor of 1600 and 52530.
10
What is the highest common factor of 290322 and 126?
18
What is the greatest common divisor of 26 and 103909?
13
What is the highest common divisor of 3 and 3311619?
3
What is the greatest common divisor of 564 and 5604?
12
Calculate the highest common factor of 74874 and 126.
6
Calculate the highest common divisor of 52111 and 217.
31
Calculate the greatest common divisor of 13900 and 4150.
50
Calculate the greatest common divisor of 1108548 and 4.
4
Calculate the highest common divisor of 4172 and 32564.
28
What is the greatest common factor of 70112 and 70?
14
What is the highest common factor of 2702769 and 57?
57
Calculate the highest common divisor of 7680 and 51420.
60
What is the greatest common divisor of 158 and 624574?
158
Calculate the highest common divisor of 74222 and 2146.
74
What is the highest common factor of 13728 and 524238?
858
What is the highest common factor of 33887 and 206?
103
What is the greatest common factor of 84 and 248388?
84
What is the greatest common divisor of 144 and 14064?
48
What is the highest common divisor of 660 and 41833?
11
What is the highest common divisor of 10670 and 385?
55
Calculate the greatest common factor of 17835 and 210.
15
Calculate the greatest common divisor of 1425631 and 122.
61
What is the greatest common factor of 301 and 88193?
301
What is the highest common factor of 21530 and 790?
10
What is the highest common divisor of 1128 and 1210203?
141
Calculate the highest common factor of 6489 and 99.
9
Calculate the highest common factor of 49502 and 954.
106
What is the highest common divisor of 300632 and 16?
8
What is the greatest common divisor of 4860 and 27216?
972
What is the highest common divisor of 95 and 216695?
95
What is the greatest common factor of 318520 and 8?
8
Calculate the highest common divisor of 864 and 895428.
108
Calculate the highest common divisor of 26 and 41158.
26
What is the greatest common divisor of 2376 and 4125?
33
Calculate the greatest common factor of 2240 and 2380.
140
Calculate the highest common divisor of 6387800 and 304.
152
Calculate the greatest common divisor of 124 and 265050.
62
What is the highest common divisor of 226640 and 60?
20
Calculate the greatest common divisor of 10742 and 246.
82
What is the greatest common factor of 2323 and 404?
101
What is the highest common divisor of 1107 and 29028?
123
Calculate the greatest common factor of 1530 and 114030.
90
What is the highest common divisor of 2317135 and 69?
23
Calculate the highest common factor of 94642 and 1106.
158
Calculate the greatest common divisor of 14847 and 1323.
147
Calculate the greatest common factor of 28 and 4476.
4
What is the highest common factor of 81 and 674541?
27
What is the greatest common factor of 1604034 and 396?
18
What is the highest common factor of 1136457 and 18?
9
What is the highest common factor of 2 and 809488?
2
Calculate the greatest common divisor of 1215548 and 4090.
818
What is the highest common divisor of 19089 and 3591?
189
Calculate the greatest common divisor of 4131 and 634230.
243
Calculate the greatest common divisor of 16 and 24412.
4
Calculate the highest common factor of 1629 and 1522029.
543
What is the highest common factor of 492 and 663093?
123
What is the greatest common factor of 282457 and 7?
7
Calculate the greatest common divisor of 960525 and 2700.
675
Calculate the greatest common factor of 1650 and 51050.
50
Calculate the highest common factor of 5852 and 34188.
308
Calculate the greatest common factor of 488 and 2648.
8
Calculate the highest common factor of 16951 and 506.
253
Calculate the highest common factor of 12824 and 350.
14
What is the greatest common divisor of 18715 and 7980?
95
What is the greatest common divisor of 36 and 1079118?
18
Calculate the highest common divisor of 2865 and 62340.
15
What is the greatest common divisor of 53145 and 180?
45
What is the highest common divisor of 6981 and 1790?
179
What is the highest common divisor of 46020 and 26?
26
Calculate the highest common factor of 16378 and 1558.
38
What is the highest common divisor of 18858 and 3864?
42
Calculate the highest common factor of 305617 and 13.
13
What is the highest common factor of 54 and 266022?
18
Calculate the greatest common divisor of 9 and 215199.
9
Calculate the greatest common divisor of 373665 and 174.
87
What is the highest common factor of 2430918 and 826?
826
Calculate the highest common factor of 6030 and 4087.
67
Calculate the greatest common factor of 32465 and 6795.
755
What is the highest common divisor of 90 and 77895?
45
Calculate the highest common divisor of 20284 and 9020.
44
What is the greatest common factor of 4704 and 1212?
12
What is the highest common factor of 24 and 2390280?
24
What is the greatest common divisor of 392628 and 24?
12
What is the greatest common factor of 830 and 40?
10
What is the greatest common divisor of 1911 and 9217?
13
Calculate the highest common divisor of 13 and 182